 -15 - 2618/170)*17*-5. What is t(g)?
-1
Let r(l) be the third derivative of -l**6/120 + l**5/4 - 7*l**4/12 - 19*l**3/6 + 503*l**2. What is r(14)?
-19
Let k(w) = -w**3 - 10*w**2 - 19*w + 3. Suppose -4*y - 5*f - 37 = 0, -4*y = -4*f - 73 + 101. What is k(y)?
27
Suppose -28*u - 40 = 21*u - 44*u. Let n(v) = -10*v - 11. Give n(u).
69
Let y(s) = -8*s - 11. Let p(w) = 2*w + 6. Let d(o) = 4*o + 13. Let a(f) = 6*d(f) - 14*p(f). Let l(i) = 5*a(i) - 3*y(i). Give l(-2).
-5
Let a(h) = -4*h**3 + h + 4. Let u be ((-14)/3 - -2) + (-6)/18. Let v(r) = -3*r**3 + r**2 + r + 4. Let q(y) = u*v(y) + 2*a(y). Calculate q(4).
8
Let a be -2 - -3 - (0 - -7). Let o(q) be the third derivative of 1/120*q**6 + 3/8*q**4 + 0*q + 7/60*q**5 + 1/2*q**3 - 4*q**2 + 0. What is o(a)?
-15
Suppose 3*i + 3964 = 7*i. Let y(o) = 2*o + 33. Let k be y(-15). Let f(z) = -991 + i - k*z. What is f(-5)?
15
Let y be (-474)/(-90) - (-320)/(-1200). Let i(w) = 34*w - 166. What is i(y)?
4
Suppose 143*q - 65 = 130*q. Suppose 0 = g - 21 - 6. Suppose 2*o + q*x + g = 9, -o - 5*x = 14. Let n(l) = l**2 + l. Determine n(o).
12
Let g(q) be the second derivative of q**4/4 + q**3/3 + q**2 + q. Let a(p) = 16*p + 1. Let j be a(8). Let d = j - 131. Determine g(d).
10
Let q(b) = -b**2 + 17*b - 3. Let c(x) = -700*x**2 - 1. Let k be c(1). Let v = 718 + k. What is q(v)?
-3
Let k(i) = 2*i**2 + 3*i - 1. Let f(h) = 5*h**2 + 5*h - 2. Let o(x) = -3*f(x) + 5*k(x). Let a(t) = t**3 - 90*t**2 + 169*t + 617. Let d be a(88). What is o(d)?
-4
Let p(k) be the second derivative of -k**5/5 + k**4/4 + k**2 + 135*k. Let n(f) = -f**3 + f**2 + f + 1. Let v(w) = -3*n(w) + p(w). Calculate v(-2).
13
Let x(g) be the third derivative of -g**6/120 - g**5/20 + g**4/2 + 41*g**3/6 - 1258*g**2. Give x(-3).
5
Let q be (-1300)/(-78)*(-9)/(-2). Let a(p) = -2*p - 4*p + 73 - q. Determine a(5).
-32
Suppose -r = a + 2*r + 35, -203 = 5*a + r. Let z = a - -43. Let c = z - 8. Let b(j) = 2*j + 4. Calculate b(c).
-8
Let w(h) be the second derivative of h**3/6 + 29*h**2/2 + 2638*h. What is w(6)?
35
Let r(k) be the third derivative of -k**5/120 + 11*k**4/24 - 5*k**3/3 - 11*k**2. Let w(j) be the first derivative of r(j). Calculate w(11).
0
Let p(r) = -16*r**3 + 59*r**2 - 4*r - 157. Let h(t) = 9*t**3 - 37*t**2 + t + 78. Let b(j) = -11*h(j) - 6*p(j). Give b(18).
-6
Let n(p) be the second derivative of -p**4/12 + 35*p**3/6 - 311*p**2/2 - 43*p + 9. Give n(18).
-5
Let l be -15 - (4 - -1 - 5). Let z be -6*(-3)/((-54)/l). Let q(r) = 9*r**2 + 17*r - 11. Let b(t) = -5*t**2 - 9*t + 6. Let n(s) = -11*b(s) - 6*q(s). Give n(z).
10
Let k(f) = f**3 + 4*f**2 + f + 2. Let u(w) = w**3 + 4*w**2 + 3*w - 4. Let g be u(-2). Let c be (g - (-112)/49)*-14. Calculate k(c).
-2
Suppose 8*q + 151 = -121. Let b = 34 + q. Let t(o) be the third derivative of o**5/60 + 3*o**3/2 + 7*o**2. Determine t(b).
9
Let o be (-12)/(-30) - (-46)/10. Let p(r) = -20*r**3 + 372*r**2 - 9*r + 5. Let z(x) = 7*x**3 - 131*x**2 + 3*x - 2. Let v(t) = 6*p(t) + 17*z(t). What is v(o)?
-19
Let l(u) be the first derivative of u**3/3 + 14*u + 3364. Let y(f) = f**3 + 2*f**2 + 3*f + 2. Let w be y(-1). Calculate l(w).
14
Let a(j) = 2*j**3 - 16*j**2 - 22*j + 21. Let o(m) = m**3 - 8*m**2 - 11*m + 10. Let l(q) = -3*a(q) + 7*o(q). Give l(9).
-11
Suppose 0*s + 4 = 2*s. Let v(j) = -1 + 2*j**3 + 0*j**3 - 2*j**2 - 3*j**3 + 3*j + 4*j**s. Suppose -204 + 59 = -14*z - 103. Give v(z).
-1
Let s(g) = g - 26. Let m(f) = 4*f - 120. Let i(l) = -2*m(l) + 9*s(l). Let u(n) = n**2 + 3*n + 1. Let p be u(-4). Calculate i(p).
11
Let p(f) = -f**2 + 5*f - 23. Let n(a) be the third derivative of -a**4/24 - 2*a**3/3 + 106*a**2. Let d(l) = -4*n(l) + p(l). Give d(8).
1
Let v(w) = -68*w + 8*w**2 - 597*w**3 - 173 + 598*w**3 + 179. Calculate v(5).
-9
Suppose 15*o + 26 = -4*m - 66, -32 = 4*o. Let u(q) = -q**2 + 19*q - 24. Give u(m).
60
Let r(j) be the third derivative of -j**5/30 - j**4/24 + 2*j**2. Suppose 2*i - 13 - 5 = 0. Let f be -6*(5 - 42/i). Calculate r(f).
-6
Let t = 1954 + -1955. Let u(c) be the third derivative of 0 + 1/5*c**5 + 0*c - 1/12*c**4 + 3*c**2 - 1/6*c**3. Give u(t).
13
Let i(v) = -v**2 - 10*v - 5. Let m = -74 + 74. Suppose -j = d + 1 + 11, m = 5*d - j + 30. Calculate i(d).
16
Let y = -5996 + 5983. Let m(g) = -4*g**2 - 50*g + 12. Determine m(y).
-14
Let w(q) = 1. Let s(u) = -u + 7. Let i(g) = -s(g) + 2*w(g). Let z(l) = l**3 + 6*l**2 + 29*l - 2 + 3 - 18*l - 19*l. Let a be z(-7). What is i(a)?
3
Let q(c) = -c**3 + 9*c**2 - c + 13. Let n(w) = 298*w - 149*w - 147*w - 11. Let y be n(10). Calculate q(y).
4
Let b be ((-3)/2)/(3/(-4)). Let f(j) = j**3 - 2 - 4*j + 45*j**2 - 46*j**b - 1. Suppose 740 = 4*o + 748. Give f(o).
-7
Let k(n) be the first derivative of -1/2*n**2 - 2*n - 8. Let f be -1 + (588/14)/14. What is k(f)?
-4
Let n(z) be the third derivative of -z**6/120 - z**5/20 - z**4/2 - 3*z**3/2 + 2*z**2 + 2318*z. What is n(-4)?
55
Let b be 10/8 - (-1995)/(-380). Let r = -1 - -3. Let j(o) = o**3 + r*o + 3*o + 2*o**2 - 5*o - 5 - 7*o. Give j(b).
-9
Let i(y) = -2*y + 2. Let h = -2903 - -2895. What is i(h)?
18
Let a(h) = h**2 + 15*h - 34. Let c be a(-19). Let l be -2 - (6/9 - c/9). Let j(n) = 9*n - 3 - n**3 + 11*n - 17*n + 3*n**l. Give j(2).
7
Let i(o) = 2*o**2 - 6*o - 1. Let t(z) = -2*z + 21. Let a be t(15). Let s(x) = 10*x**2 - 25*x - 3. Let c(u) = a*i(u) + 2*s(u). Give c(-2).
3
Let q = -9 + 15. Let v be (5/20)/(7/532). Let t(a) = 20*a + v*a - 5 + 9*a - 45*a. Give t(q).
13
Let r = 75 - 69. Let v(f) = -f**3 + 15*f**2 + 6*f - 9. Let o(q) = -q**3 + 12*q**2 + 4*q - 8. Let y(n) = -3*o(n) + 2*v(n). Determine y(r).
6
Let i(d) = 4*d + 66. Let s be i(-13). Let h(m) = -1 + s*m - m - 6*m + 2*m**2 - 5*m. Calculate h(2).
11
Let y(a) = -a**2 - 5*a - 18 + 19 - a. Let h be (-44)/4 + 16 - 9. Determine y(h).
9
Let i(f) = 3*f - 43 + 25 + 27*f - 41*f + 10*f + 16. Let k be (-25)/(-1)*4/10. Suppose k = 4*b + 2, -p = -b - 3. What is i(p)?
-7
Let l(r) = 10*r + 197. Let b(g) = -5*g - 98. Let q(f) = -7*b(f) - 3*l(f). Let i be q(-19). Let x(k) = -k**3 + k**2 + k + 5. What is x(i)?
5
Let t(d) = -288 + 142 - d + 147. Let v(o) = 3*o - 15. Let x = 60 + -55. Let q be v(x). Determine t(q).
1
Suppose 14*y - 1797 = -9049. Let u = y + 511. Let r(z) = z**2 + 7*z - 4. Determine r(u).
-4
Let r(h) = -h**3 - 6*h**2 + h + 1. Suppose 6*t - 419 + 155 = 0. Let k = 107 - t. Let b be (-351)/k + (-6)/14. Determine r(b).
-5
Let p(u) be the third derivative of 87*u**2 + 0 + 1/60*u**5 + 0*u + 5/24*u**4 + 1/2*u**3. Determine p(-8).
27
Let z(t) = t**2 + 4*t - 8. Let k(v) = v - 73*v**3 + 72*v**3 + v - 32 + 12*v**2. Let j be k(12). Determine z(j).
24
Let u(d) = -2*d**3 + 2*d**2 + 2. Let v(p) = 15*p**3 - 21*p**2 - 12*p - 5. Let w(q) = 7*u(q) + v(q). Calculate w(8).
-23
Let h be (1/(-2))/((-8)/(-96)*-2). Let k(r) = 2 + 0 - 6*r**2 + 2357*r**h - 5*r - 2358*r**3. Determine k(-5).
2
Let x(k) = -k**2 + k + 1. Let o(z) = 1 - 3*z - 3*z + z. Let c(y) = -2*y - 11. Let n be c(-6). Let m(g) = n*x(g) + o(g). Determine m(-6).
-10
Let o(l) = -6*l**3 - 25*l**2 - 6*l + 32. Let f(b) = 5*b**3 + 20*b**2 + 5*b - 30. Let d(p) = -5*f(p) - 4*o(p). Give d(0).
22
Let g(d) be the second derivative of d**3 + 3*d**2 + 477*d. Let r = 3 + -7. Determine g(r).
-18
Let l(a) be the third derivative of -5*a**4/24 - a**3/3 + 368*a**2. Determine l(0).
-2
Let i(c) = c**3 - 3*c**2 - c + 1. Let b(u) = 4*u - 58. Let j = -323 - -338. Let z be b(j). Calculate i(z).
-5
Let b(x) = -x**3 + x**2 - 38. Suppose -m + 4*g - 16 = 0, 5*m = -2*g + 7*g - 20. Determine b(m).
-38
Let m(v) be the third derivative of 0 - 2*v + 7/3*v**3 + 18*v**2 - 1/120*v**6 + 11/60*v**5 - 11/24*v**4. Determine m(10).
4
Let v(r) = -2*r**2 + 712*r - 703*r - 83 + 93. Determine v(7).
-25
Let s(p) = 4*p + 151. Let r be 34 + -18 - (-64)/(-4). Determine s(r).
151
Let k(u) be the third derivative of u**4/12 + 2*u**2. Let t(r) = -r**3 - 8*r**2 - 10*r - 22. Suppose -4*d + 42 = -10*d. Let z be t(d). What is k(z)?
-2
Let x(p) = -2*p**3 - 130*p**2 + 129*p - 194. Let s be x(-66). Let k(v) = 3*v - 1. What is k(s)?
11
Let r(u) be the second derivative of 1/12*u**4 + 8*u + 0 + 1/2*u**2 + 0*u**3. Let c = 950 - 947. Calculate r(c).
10
Let o(t) = -11*t. Let w be 3 + 1*(430 + 4). Let v = 435 - w. Calculate o(v).
22
Let f(x) = -6 + 5*x**2 + 139*x - 491*x + 242*x. Determine f(22).
-6
Let d(v) 